 9.
36
Convert 1 (base 16) to base 2.
1
What is -33 (base 4) in base 7?
-21
Convert 113 (base 4) to base 15.
18
103 (base 4) to base 6
31
-11 (base 9) to base 5
-20
What is -69 (base 13) in base 7?
-153
43 (base 11) to base 10
47
577 (base 8) to base 16
17f
What is 8 (base 12) in base 2?
1000
3 (base 6) to base 2
11
Convert -112112 (base 3) to base 4.
-12020
5 (base 12) to base 6
5
What is -1a (base 14) in base 11?
-22
4 (base 16) to base 11
4
Convert 1011010 (base 2) to base 9.
110
4 (base 7) to base 3
11
What is -130 (base 10) in base 14?
-94
Convert -4 (base 10) to base 6.
-4
Convert -2 (base 5) to base 7.
-2
What is -1000100 (base 2) in base 14?
-4c
-135 (base 7) to base 10
-75
-145 (base 10) to base 9
-171
142 (base 6) to base 5
222
0 (base 8) to base 9
0
Convert 26 (base 10) to base 15.
1b
What is 3 (base 13) in base 4?
3
What is -25 (base 12) in base 10?
-29
Convert -c6 (base 14) to base 16.
-ae
Convert 0 (base 5) to base 4.
0
Convert 71 (base 9) to base 10.
64
What is -2011 (base 3) in base 11?
-53
Convert -36 (base 11) to base 10.
-39
What is -56 (base 12) in base 3?
-2110
Convert -1 (base 4) to base 14.
-1
Convert -34 (base 14) to base 3.
-1201
Convert 17 (base 13) to base 8.
24
Convert -1 (base 8) to base 3.
-1
Convert -2 (base 14) to base 12.
-2
-2100 (base 4) to base 9
-170
What is 2 (base 7) in base 12?
2
What is 133 (base 4) in base 2?
11111
Convert 1000111 (base 2) to base 6.
155
Convert 12110 (base 3) to base 13.
b4
a4 (base 15) to base 10
154
What is 4 (base 12) in base 8?
4
Convert -162 (base 10) to base 3.
-20000
Convert a (base 13) to base 9.
11
Convert 31 (base 16) to base 15.
34
Convert 17b (base 12) to base 14.
131
-4 (base 12) to base 11
-4
-13 (base 12) to base 16
-f
Convert -100 (base 2) to base 9.
-4
Convert -2 (base 16) to base 2.
-10
Convert -123 (base 4) to base 6.
-43
Convert 0 (base 14) to base 7.
0
-10022 (base 3) to base 16
-59
What is -14 (base 5) in base 3?
-100
-11 (base 2) to base 14
-3
What is -10 (base 13) in base 6?
-21
-153 (base 15) to base 16
-12f
Convert -31 (base 9) to base 2.
-11100
What is -4 (base 16) in base 8?
-4
Convert 5 (base 11) to base 7.
5
What is -2 (base 7) in base 14?
-2
Convert -f (base 16) to base 3.
-120
25 (base 6) to base 16
11
What is 40 (base 7) in base 9?
31
Convert 2 (base 5) to base 16.
2
123 (base 9) to base 14
74
What is 6b (base 14) in base 8?
137
2 (base 4) to base 2
10
Convert 1411 (base 5) to base 15.
106
What is 184 (base 10) in base 16?
b8
What is -11 (base 3) in base 15?
-4
Convert 5 (base 8) to base 16.
5
5 (base 9) to base 3
12
Convert 9 (base 15) to base 7.
12
Convert -76 (base 9) to base 10.
-69
2043 (base 5) to base 9
333
Convert -11100101 (base 2) to base 13.
-148
-1 (base 15) to base 9
-1
33 (base 5) to base 2
10010
What is 172 (base 9) in base 15?
9b
Convert 3 (base 15) to base 10.
3
1304 (base 5) to base 12
150
141 (base 8) to base 4
1201
-365 (base 8) to base 3
-100002
Convert -1000 (base 2) to base 13.
-8
-16 (base 16) to base 6
-34
What is -3 (base 6) in base 8?
-3
What is -32 (base 10) in base 2?
-100000
-74 (base 11) to base 16
-51
Convert 1 (base 13) to base 2.
1
What is -4 (base 8) in base 5?
-4
1 (base 6) to base 16
1
Convert -16 (base 10) to base 3.
-121
What is -1011 (base 3) in base 4?
-133
What is -122 (base 4) in base 12?
-22
Convert 10 (base 6) to base 7.
6
What is 101 (base 2) in base 5?
10
Convert -15 (base 8) to base 7.
-16
What is 2 (base 14) in base 3?
2
What is 10 (base 4) in base 10?
4
23 (base 9) to base 15
16
2 (base 11) to base 6
2
What is -200 (base 7) in base 10?
-98
-2a (base 14) to base 9
-42
What is 3 (base 12) in base 3?
10
1101 (base 2) to base 15
d
0 (base 12) to base 13
0
1010 (base 2) to base 9
11
Convert -9a (base 11) to base 3.
-11001
Convert 212 (base 3) to base 15.
18
Convert -210 (base 3) to base 14.
-17
What is -2 (base 12) in base 8?
-2
What is 0 (base 5) in base 13?
0
Convert 1 (base 9) to base 7.
1
What is 0 (base 8) in base 5?
0
Convert 10 (base 6) to base 12.
6
What is 1 (base 4) in base 14?
1
What is -18 (base 10) in base 11?
-17
-39 (base 12) to base 16
-2d
-112 (base 4) to base 12
-1a
Convert -5 (base 7) to base 5.
-10
Convert -3 (base 15) to base 2.
-11
What is -1 (base 2) in base 14?
-1
-23 (base 11) to base 16
-19
What is -50 (base 9) in base 13?
-36
Convert -11 (base 16) to base 14.
-13
What is 4 (base 15) in base 12?
4
What is 5 (base 16) in base 10?
5
Convert -25 (base 13) to base 5.
-111
Convert -3 (base 15) to base 11.
-3
What is -3 (base 12) in base 10?
-3
-7 (base 11) to base 10
-7
What is 6 (base 8) in base 14?
6
-565 (base 7) to base 5
-2132
Convert 120 (base 11) to base 9.
168
6a (base 12) to base 13
64
Convert 25 (base 8) to base 12.
19
What is 22 (base 7) in base 3?
121
What is 17 (base 11) in base 4?
102
What is 68 (base 13) in base 16?
56
-7 (base 12) to base 9
-7
Convert 101 (base 4) to base 13.
14
What is -205 (base 6) in base 9?
-85
What is -11 (base 4) in base 10?
-5
What is 10122 (base 3) in base 15?
68
Convert 0 (base 10) to base 12.
0
Convert 1 (base 16) to base 4.
1
-42 (base 9) to base 4
-212
Convert 2 (base 3) to base 8.
2
Convert -11 (base 7) to base 10.
-8
1010010 (base 2) to base 8
122
1b (base 15) to base 12
22
What is -20 (base 8) in base 11?
-15
What is 3 (base 14) in base 15?
3
What is -a0 (base 12) in base 4?
-1320
What is -c (base 16) in base 14?
-c
-2a (base 11) to base 12
-28
What is -11 (base 6) in base 14?
-7
11 (base 5) to base 2
110
What is 2 (base 4) in base 10?
2
What is -26 (base 7) in base 3?
-202
-11 (base 14) to base 9
-16
-25 (base 9) to base 14
-19
Convert -100 (base 4) to base 7.
-22
What is 2 (base 11) in base 14?
2
Convert 214 (base 8) to base 11.
118
1 (base 16) to base 8
1
Convert 0 (base 8) to base 12.
0
Convert -e (base 15) to base 13.
-11
Convert 35 (base 15) to base 8.
62
Convert -3 (base 9) to base 6.
-3
-22 (base 8) to base 3
-200
48 (base 10) to base 3
1210
Convert 65 (base 7) to base 14.
35
What is 180 (base 9) in base 12?
109
What is 20002 (base 3) in base 16?
a4
What is 34 (base 13) in base 10?
43
What is -50 (base 13) in base 14?
-49
21 (base 3) to base 6
11
Convert 11 (base 14) to base 7.
21
-42 (base 12) to base 13
-3b
What is -1013 (base 4) in base 10?
-71
Convert -13 (base 7) to base 3.
-101
Convert 19a (base 11) to base 14.
126
Convert 15 (base 14) to base 8.
23
43 (base 12) to base 3
1220
What is -625 (base 8) in base 15?
-1c0
-1a (base 14) to base 13
-1b
What is 4 (base 10) in base 2?
100
11 (base 3) to base 11
4
-3 (base 10) to base 3
-10
What is 3 (base 5) in base 3?
10
Convert 11 (base 5) to base 16.
6
3a (base 11) to base 3
1121
17 (base 12) to base 15
14
Convert 3 (base 11) to base 5.
3
What is 13 (base 9) in base 5?
22
What is -66 (base 7) in base 4?
-300
What is 1001 (base 2) in base 8?
11
-15 (base 7) to base 11
-11
11 (base 13) to base 10
14
12 (base 16) to base 5
33
-312 (base 5) to base 6
-214
Convert -105 (base 9) to base 10.
-86
-5 (base 11) to base 5
-10
-30 (base 8) to base 9
-26
What is 3 (base 16) in base 10?
3
4a (base 13) to base 9
68
-6 (base 11) to base 8
-6
What is 36 (base 7) in base 15?
1c
What is 10 (base 12) in base 5?
22
Convert 2 (base 9) to base 12.
2
What is 3 (base 4) in base 8?
3
-5 (base 8) to base 13
-5
What is 103 (base 4) in base 12?
17
219 (base 11) to base 10
262
Convert 2 (base 3) to base 4.
2
Convert -55 (base 6) to base 15.
-25
What is -3 (base 14) in base 9?
-3
Convert 14 (base 6) to base 10.
10
What is -6 (base 14) in base 13?
-6
What is -112 (base 4) in base 12?
-1a
6 (base 16) to base 3
20
Convert -2 (base 14) to base 7.
-2
-57 (base 15) to base 16
-52
What is -56 (base 8) in base 9?
-51
Convert a (base 12) to base 5.
20
What is -14 (base 14) in base 7?
-24
-e5 (base 15) to base 16
-d7
1a (base 14) to base 16
18
What is -4 (base 12) in base 16?
-4
Convert -11 (base 7) to base 9.
-8
21 (base 3) to base 5
12
What is -23 (base 16) in base 5?
-120
4 (base 5) to base 13
4
-4 (base 13) to base 4
-10
-1021 (base 3) to base 5
-114
7 (base 14) to base 7
10
-11 (base 12) to base 15
-d
5 (base 7) to base 2
101
What is -10000010 (base 2) in base 14?
-94
Convert 20 (base 5) to base 3.
101
What is -10101 (base 2) in base 9?
-23
1 (base 4) to base 5
1
Convert 3 (base 7) to base 10.
3
What is 10 (base 4)